{"id":9884,"date":"2025-05-08T09:17:30","date_gmt":"2025-05-08T13:17:30","guid":{"rendered":"https:\/\/inmobiliariacabimasplaza.com\/newsite\/?post_type=property&#038;p=9884"},"modified":"2026-02-23T15:51:44","modified_gmt":"2026-02-23T19:51:44","slug":"519-grupo-inmobiliario-cabimas-plaza-c-a-vende-casa-de-2-pisos-y-plata-banda-en-urbanizacion-los-laureles-sector-6-german-rios-linares","status":"publish","type":"property","link":"https:\/\/inmobiliariacabimasplaza.com\/newsite\/property\/519-grupo-inmobiliario-cabimas-plaza-c-a-vende-casa-de-2-pisos-y-plata-banda-en-urbanizacion-los-laureles-sector-6-german-rios-linares\/","title":{"rendered":"519 &#8211; Grupo Inmobiliario Cabimas Plaza C.A Vende Casa de 2 pisos y plata banda en Urbanizaci\u00f3n Los Laureles Sector 6 Germ\u00e1n R\u00edos Linares"},"content":{"rendered":"<p>Consta de:<br \/>\n\u25aa4 Habitaciones (tres con cl\u00f3set)<br \/>\n\u25aa4 Ba\u00f1os<br \/>\n\u25aaSala\/Comedor\/ Cocina<br \/>\n\u25aa\ufe0f Lavander\u00eda<br \/>\n\u25aa\ufe0f Dep\u00f3sito<br \/>\n\u25aaToda de platabanda(Tiene mechas para construir un piso m\u00e1s<br \/>\n\u25aaEnrramada (De zinc)<br \/>\n\u25aa\ufe0f Sistema Hidroneum\u00e1tico Activo<br \/>\n\u25aaTanque subterr\u00e1neo de 7 pipas (Planta baja )<br \/>\n\u25aaTanque 5 de pipas (Planta alta )<br \/>\n\u25aa\ufe0f1 Aire acondicionado<br \/>\n\u25aa\ufe0fTerreno Propio<\/p>\n<p>Precio: 35 .000\u2618<\/p>\n<p>Asesor inmobiliario<br \/>\nLicda. Rosalinda Toyo<br \/>\n04146831760<\/p>\n","protected":false},"excerpt":{"rendered":"<p>Consta de: \u25aa4 Habitaciones (tres con cl\u00f3set) \u25aa4 Ba\u00f1os \u25aaSala\/Comedor\/ Cocina \u25aa\ufe0f Lavander\u00eda \u25aa\ufe0f Dep\u00f3sito \u25aaToda de platabanda(Tiene mechas para construir un piso m\u00e1s \u25aaEnrramada (De zinc) \u25aa\ufe0f Sistema Hidroneum\u00e1tico Activo \u25aaTanque subterr\u00e1neo de 7 pipas (Planta baja ) \u25aaTanque 5 de pipas (Planta alta ) \u25aa\ufe0f1 Aire acondicionado \u25aa\ufe0fTerreno Propio Precio: 35 .000\u2618 Asesor [&hellip;]<\/p>\n","protected":false},"author":54,"featured_media":9873,"parent":0,"menu_order":0,"comment_status":"open","ping_status":"closed","template":"","property-types":[51],"property-statuses":[25],"property-cities":[46],"property-features":[28],"class_list":["post-9884","property","type-property","status-publish","has-post-thumbnail","hentry","property-type-casa","property-status-en-venta","property-city-zulia","property-feature-laundry-room","clearfix"],"_links":{"self":[{"href":"https:\/\/inmobiliariacabimasplaza.com\/newsite\/wp-json\/wp\/v2\/properties\/9884","targetHints":{"allow":["GET"]}}],"collection":[{"href":"https:\/\/inmobiliariacabimasplaza.com\/newsite\/wp-json\/wp\/v2\/properties"}],"about":[{"href":"https:\/\/inmobiliariacabimasplaza.com\/newsite\/wp-json\/wp\/v2\/types\/property"}],"author":[{"embeddable":true,"href":"https:\/\/inmobiliariacabimasplaza.com\/newsite\/wp-json\/wp\/v2\/users\/54"}],"replies":[{"embeddable":true,"href":"https:\/\/inmobiliariacabimasplaza.com\/newsite\/wp-json\/wp\/v2\/comments?post=9884"}],"version-history":[{"count":2,"href":"https:\/\/inmobiliariacabimasplaza.com\/newsite\/wp-json\/wp\/v2\/properties\/9884\/revisions"}],"predecessor-version":[{"id":10892,"href":"https:\/\/inmobiliariacabimasplaza.com\/newsite\/wp-json\/wp\/v2\/properties\/9884\/revisions\/10892"}],"wp:featuredmedia":[{"embeddable":true,"href":"https:\/\/inmobiliariacabimasplaza.com\/newsite\/wp-json\/wp\/v2\/media\/9873"}],"wp:attachment":[{"href":"https:\/\/inmobiliariacabimasplaza.com\/newsite\/wp-json\/wp\/v2\/media?parent=9884"}],"wp:term":[{"taxonomy":"property-type","embeddable":true,"href":"https:\/\/inmobiliariacabimasplaza.com\/newsite\/wp-json\/wp\/v2\/property-types?post=9884"},{"taxonomy":"property-status","embeddable":true,"href":"https:\/\/inmobiliariacabimasplaza.com\/newsite\/wp-json\/wp\/v2\/property-statuses?post=9884"},{"taxonomy":"property-city","embeddable":true,"href":"https:\/\/inmobiliariacabimasplaza.com\/newsite\/wp-json\/wp\/v2\/property-cities?post=9884"},{"taxonomy":"property-feature","embeddable":true,"href":"https:\/\/inmobiliariacabimasplaza.com\/newsite\/wp-json\/wp\/v2\/property-features?post=9884"}],"curies":[{"name":"wp","href":"https:\/\/api.w.org\/{rel}","templated":true}]}}

519 &#8211; Grupo Inmobiliario Cabimas Plaza C.A Vende Casa de 2 pisos y plata banda en Urbanización Los Laureles Sector 6 Germán Ríos Linares

<p>Consta de:<br />
▪4 Habitaciones (tres con clóset)<br />
▪4 Baños<br />
▪Sala/Comedor/ Cocina<br />
▪️ Lavandería<br />
▪️ Depósito<br />
▪Toda de platabanda(Tiene mechas para construir un piso más<br />
▪Enrramada (De zinc)<br />
▪️ Sistema Hidroneumático Activo<br />
▪Tanque subterráneo de 7 pipas (Planta baja )<br />
▪Tanque 5 de pipas (Planta alta )<br />
▪️1 Aire acondicionado<br />
▪️Terreno Propio</p>
<p>Precio: 35 .000☘</p>
<p>Asesor inmobiliario<br />
Licda. Rosalinda Toyo<br />
04146831760</p>

<p>Consta de: ▪4 Habitaciones (tres con clóset) ▪4 Baños ▪Sala/Comedor/ Cocina ▪️ Lavandería ▪️ Depósito ▪Toda de platabanda(Tiene mechas para construir un piso más ▪Enrramada (De zinc) ▪️ Sistema Hidroneumático Activo ▪Tanque subterráneo de 7 pipas (Planta baja ) ▪Tanque 5 de pipas (Planta alta ) ▪️1 Aire acondicionado ▪️Terreno Propio Precio: 35 .000☘ Asesor [&hellip;]</p>
