{"id":8186,"date":"2024-01-24T11:59:50","date_gmt":"2024-01-24T15:59:50","guid":{"rendered":"https:\/\/inmobiliariacabimasplaza.com\/newsite\/?post_type=property&#038;p=8186"},"modified":"2026-03-05T11:27:43","modified_gmt":"2026-03-05T15:27:43","slug":"366-se-vende-galpon-con-oficinas-avenida-intercomunal-en-municipio-simon-bolivar","status":"publish","type":"property","link":"https:\/\/inmobiliariacabimasplaza.com\/newsite\/property\/366-se-vende-galpon-con-oficinas-avenida-intercomunal-en-municipio-simon-bolivar\/","title":{"rendered":"366 &#8211; En Venta Galpon con Oficinas Avenida Intercomunal en Municipio Simon Bolivar"},"content":{"rendered":"","protected":false},"excerpt":{"rendered":"<p>Grupo Inmobiliario Cabimas Plaza C.A<br \/>\nVende y\/o Alquila Galpon con Oficinas Avenida Intercomunal en Municipio Simon Bolivar <\/p>\n<p>Consta de:<br \/>\n\u25aa\ufe0fTerreno de una superficie de 7.020 mts2, totalmente<br \/>\nlegalizado y libre de todo gravamen.<br \/>\n\u25aa\ufe0fCerca perimetral construida de bloque y columnas de concreto<br \/>\nreforzado.<br \/>\n\u25aa\ufe0fGalp\u00f3n industrial de 12 mts x 40 mts, construido con tuber\u00eda<br \/>\nde acero y techado con acerolit.<br \/>\n\u25aa\ufe0fEdificio de 2 plantas de 550 mts2 de construcci\u00f3n, totalmente<br \/>\nacondicionadas y dotadas de sistemas contra incendio<br \/>\nexigidos por lo \u00f3rganos competentes, estas instalaciones<br \/>\ncuentas con 12 oficinas, un almac\u00e9n para \u00e1reas<br \/>\nadministrativas y cuenta con dos accesos, el principal y el de<br \/>\nescape, tambi\u00e9n cuenta con \u00e1rea de comedor y sal\u00f3n de usos<br \/>\nm\u00faltiples para reuniones y conferencias, esta construcci\u00f3n es<br \/>\ntotalmente nueva ya que su periodo de utilidad apenas llega a<br \/>\nlos 10 a\u00f1os de haberse construido, con un dise\u00f1o de fachada<br \/>\nprincipal totalmente dise\u00f1ada y construida a la vanguardia de<br \/>\nlas nuevas construcciones.<br \/>\n\u25aa\ufe0fCabe destacar que toda la superficie de la instalaci\u00f3n mencionada<br \/>\nesta totalmente pavimentada y con una luminaria compuesta por 3<br \/>\n(tres) torres de alumbrado industrial divididas acorde a las<br \/>\nexigencias de Ley.<br \/>\nUBICACION GEOGRAFICA:<br \/>\n\u25aa\ufe0fAvenida intercomunal, municipio Simon Bol\u00edvar<\/p>\n<p>Precio: 180.000\u2618\ufe0f Negociable<br \/>\nCanon; 800<\/p>\n<p>Asesora Inmobiliaria<br \/>\nLeyla Barboza<br \/>\n0414-6748986<br \/>\nCod: 366<\/p>\n","protected":false},"author":2,"featured_media":8190,"parent":0,"menu_order":0,"comment_status":"open","ping_status":"closed","template":"","property-types":[20,54,32],"property-statuses":[25],"property-cities":[59],"property-features":[],"class_list":["post-8186","property","type-property","status-publish","has-post-thumbnail","hentry","property-type-commercial","property-type-galpon","property-type-office","property-status-en-venta","property-city-simon-bolivar","clearfix"],"_links":{"self":[{"href":"https:\/\/inmobiliariacabimasplaza.com\/newsite\/wp-json\/wp\/v2\/properties\/8186","targetHints":{"allow":["GET"]}}],"collection":[{"href":"https:\/\/inmobiliariacabimasplaza.com\/newsite\/wp-json\/wp\/v2\/properties"}],"about":[{"href":"https:\/\/inmobiliariacabimasplaza.com\/newsite\/wp-json\/wp\/v2\/types\/property"}],"author":[{"embeddable":true,"href":"https:\/\/inmobiliariacabimasplaza.com\/newsite\/wp-json\/wp\/v2\/users\/2"}],"replies":[{"embeddable":true,"href":"https:\/\/inmobiliariacabimasplaza.com\/newsite\/wp-json\/wp\/v2\/comments?post=8186"}],"version-history":[{"count":5,"href":"https:\/\/inmobiliariacabimasplaza.com\/newsite\/wp-json\/wp\/v2\/properties\/8186\/revisions"}],"predecessor-version":[{"id":10992,"href":"https:\/\/inmobiliariacabimasplaza.com\/newsite\/wp-json\/wp\/v2\/properties\/8186\/revisions\/10992"}],"wp:featuredmedia":[{"embeddable":true,"href":"https:\/\/inmobiliariacabimasplaza.com\/newsite\/wp-json\/wp\/v2\/media\/8190"}],"wp:attachment":[{"href":"https:\/\/inmobiliariacabimasplaza.com\/newsite\/wp-json\/wp\/v2\/media?parent=8186"}],"wp:term":[{"taxonomy":"property-type","embeddable":true,"href":"https:\/\/inmobiliariacabimasplaza.com\/newsite\/wp-json\/wp\/v2\/property-types?post=8186"},{"taxonomy":"property-status","embeddable":true,"href":"https:\/\/inmobiliariacabimasplaza.com\/newsite\/wp-json\/wp\/v2\/property-statuses?post=8186"},{"taxonomy":"property-city","embeddable":true,"href":"https:\/\/inmobiliariacabimasplaza.com\/newsite\/wp-json\/wp\/v2\/property-cities?post=8186"},{"taxonomy":"property-feature","embeddable":true,"href":"https:\/\/inmobiliariacabimasplaza.com\/newsite\/wp-json\/wp\/v2\/property-features?post=8186"}],"curies":[{"name":"wp","href":"https:\/\/api.w.org\/{rel}","templated":true}]}}

<p>Grupo Inmobiliario Cabimas Plaza C.A<br />
Vende y/o Alquila Galpon con Oficinas Avenida Intercomunal en Municipio Simon Bolivar </p>
<p>Consta de:<br />
▪️Terreno de una superficie de 7.020 mts2, totalmente<br />
legalizado y libre de todo gravamen.<br />
▪️Cerca perimetral construida de bloque y columnas de concreto<br />
reforzado.<br />
▪️Galpón industrial de 12 mts x 40 mts, construido con tubería<br />
de acero y techado con acerolit.<br />
▪️Edificio de 2 plantas de 550 mts2 de construcción, totalmente<br />
acondicionadas y dotadas de sistemas contra incendio<br />
exigidos por lo órganos competentes, estas instalaciones<br />
cuentas con 12 oficinas, un almacén para áreas<br />
administrativas y cuenta con dos accesos, el principal y el de<br />
escape, también cuenta con área de comedor y salón de usos<br />
múltiples para reuniones y conferencias, esta construcción es<br />
totalmente nueva ya que su periodo de utilidad apenas llega a<br />
los 10 años de haberse construido, con un diseño de fachada<br />
principal totalmente diseñada y construida a la vanguardia de<br />
las nuevas construcciones.<br />
▪️Cabe destacar que toda la superficie de la instalación mencionada<br />
esta totalmente pavimentada y con una luminaria compuesta por 3<br />
(tres) torres de alumbrado industrial divididas acorde a las<br />
exigencias de Ley.<br />
UBICACION GEOGRAFICA:<br />
▪️Avenida intercomunal, municipio Simon Bolívar</p>
<p>Precio: 180.000☘️ Negociable<br />
Canon; 800</p>
<p>Asesora Inmobiliaria<br />
Leyla Barboza<br />
0414-6748986<br />
Cod: 366</p>
