{"id":6342,"date":"2022-09-14T12:47:52","date_gmt":"2022-09-14T16:47:52","guid":{"rendered":"https:\/\/inmobiliariacabimasplaza.com\/newsite\/?post_type=property&#038;p=6342"},"modified":"2026-04-20T12:08:25","modified_gmt":"2026-04-20T16:08:25","slug":"216-se-vende-y-o-alquila-concesionario-chirinos-motors-a-carnevalli-en-cabimas","status":"publish","type":"property","link":"https:\/\/inmobiliariacabimasplaza.com\/newsite\/property\/216-se-vende-y-o-alquila-concesionario-chirinos-motors-a-carnevalli-en-cabimas\/","title":{"rendered":"216 &#8211; Se Vende y\/o Alquila Concesionario Chirino`s Motors A. Carnevalli en Cabimas"},"content":{"rendered":"","protected":false},"excerpt":{"rendered":"<p>Cabimas Plaza<br \/>\nVende  Concesionario Chirino`s Motors A. Carnevalli en Cabimas<\/p>\n<p>Consta de:<br \/>\n\u25aa\ufe0f8.435,39mts2 de Terreno<br \/>\n     \u25aa\ufe0f4.182,82mts2 Lote A\u25aa\ufe0f4.207,68mts2 Lote B<br \/>\n\u25aa\ufe0f\u00c1rea de Exhibici\u00f3n y Ventas<br \/>\n\u25aa\ufe0fOficinas Principales<br \/>\n\u25aa\ufe0fSal\u00f3n M\u00faltiple<br \/>\n\u25aa\ufe0fConstrucci\u00f3n Menor para Autos Usados<br \/>\n\u25aa\ufe0fConstrucci\u00f3n Anexa al \u00c1rea de Exhibici\u00f3n<br \/>\n\u25aa\ufe0fAlmacen<br \/>\n\u25aa\ufe0fGalp\u00f3n Principal<br \/>\n\u25aa\ufe0fGalp\u00f3n Abierto<br \/>\n\u25aa\ufe0fGalp\u00f3n Anexo<br \/>\n\u25aa\ufe0fTanque<\/p>\n<p>Venta: 1.800.000.000 \ud83c\udf40<\/p>\n<p>Asesora Inmobiliaria<br \/>\nJudith Nava<br \/>\n0412-9681479<br \/>\nCod: 216<\/p>\n","protected":false},"author":2,"featured_media":6366,"parent":0,"menu_order":0,"comment_status":"open","ping_status":"closed","template":"","property-types":[20,54,55],"property-statuses":[24,25],"property-cities":[46],"property-features":[],"class_list":["post-6342","property","type-property","status-publish","has-post-thumbnail","hentry","property-type-commercial","property-type-galpon","property-type-local","property-status-en-alquiler","property-status-en-venta","property-city-zulia","clearfix"],"_links":{"self":[{"href":"https:\/\/inmobiliariacabimasplaza.com\/newsite\/wp-json\/wp\/v2\/properties\/6342","targetHints":{"allow":["GET"]}}],"collection":[{"href":"https:\/\/inmobiliariacabimasplaza.com\/newsite\/wp-json\/wp\/v2\/properties"}],"about":[{"href":"https:\/\/inmobiliariacabimasplaza.com\/newsite\/wp-json\/wp\/v2\/types\/property"}],"author":[{"embeddable":true,"href":"https:\/\/inmobiliariacabimasplaza.com\/newsite\/wp-json\/wp\/v2\/users\/2"}],"replies":[{"embeddable":true,"href":"https:\/\/inmobiliariacabimasplaza.com\/newsite\/wp-json\/wp\/v2\/comments?post=6342"}],"version-history":[{"count":2,"href":"https:\/\/inmobiliariacabimasplaza.com\/newsite\/wp-json\/wp\/v2\/properties\/6342\/revisions"}],"predecessor-version":[{"id":11143,"href":"https:\/\/inmobiliariacabimasplaza.com\/newsite\/wp-json\/wp\/v2\/properties\/6342\/revisions\/11143"}],"wp:featuredmedia":[{"embeddable":true,"href":"https:\/\/inmobiliariacabimasplaza.com\/newsite\/wp-json\/wp\/v2\/media\/6366"}],"wp:attachment":[{"href":"https:\/\/inmobiliariacabimasplaza.com\/newsite\/wp-json\/wp\/v2\/media?parent=6342"}],"wp:term":[{"taxonomy":"property-type","embeddable":true,"href":"https:\/\/inmobiliariacabimasplaza.com\/newsite\/wp-json\/wp\/v2\/property-types?post=6342"},{"taxonomy":"property-status","embeddable":true,"href":"https:\/\/inmobiliariacabimasplaza.com\/newsite\/wp-json\/wp\/v2\/property-statuses?post=6342"},{"taxonomy":"property-city","embeddable":true,"href":"https:\/\/inmobiliariacabimasplaza.com\/newsite\/wp-json\/wp\/v2\/property-cities?post=6342"},{"taxonomy":"property-feature","embeddable":true,"href":"https:\/\/inmobiliariacabimasplaza.com\/newsite\/wp-json\/wp\/v2\/property-features?post=6342"}],"curies":[{"name":"wp","href":"https:\/\/api.w.org\/{rel}","templated":true}]}}

<p>Cabimas Plaza<br />
Vende  Concesionario Chirino`s Motors A. Carnevalli en Cabimas</p>
<p>Consta de:<br />
▪️8.435,39mts2 de Terreno<br />
     ▪️4.182,82mts2 Lote A▪️4.207,68mts2 Lote B<br />
▪️Área de Exhibición y Ventas<br />
▪️Oficinas Principales<br />
▪️Salón Múltiple<br />
▪️Construcción Menor para Autos Usados<br />
▪️Construcción Anexa al Área de Exhibición<br />
▪️Almacen<br />
▪️Galpón Principal<br />
▪️Galpón Abierto<br />
▪️Galpón Anexo<br />
▪️Tanque</p>
<p>Venta: 1.800.000.000 🍀</p>
<p>Asesora Inmobiliaria<br />
Judith Nava<br />
0412-9681479<br />
Cod: 216</p>
